1, 4*t + 10 = 2*s + 2*t. What is the remainder when 60 - 2/(2/2) is divided by s/(-4) - 166/(-8)?
18
Suppose 3*c = 15 - 3. Calculate the remainder when 7 is divided by c.
3
Suppose 7 = 5*d + 2*l + 3, 4*d = -2*l + 2. Calculate the remainder when 5 is divided by d.
1
Suppose -5*q = 4*c - 90 + 282, 0 = 5*q - 2*c + 174. Calculate the remainder when (q/(-16))/((-4)/(-80)) is divided by 16.
13
Suppose 2*u + 22 = -2*q, 68 = -5*q - 2*u + 16. What is the remainder when 40 is divided by (-6)/q - (-714)/35?
19
Let i = 131 + -126. What is the remainder when 6 is divided by i?
1
Suppose 12*u = 4*u + 184. What is the remainder when 228 is divided by u?
21
Suppose -3*y = 17 - 128. Suppose -2*c + 9 = -y. Calculate the remainder when 44 is divided by c.
21
Let m be (-2*30)/(9/(-6)). Let f = m - 23. What is the remainder when 65 is divided by f?
14
What is the remainder when 13968/168 - 2/14 is divided by 42?
41
Let a = 85 - 78. What is the remainder when 24 is divided by a?
3
Let k = 3 + 19. What is the remainder when k is divided by 13?
9
Let m = -38 + 16. Let x = 25 + m. Calculate the remainder when 10 is divided by x.
1
Suppose -30 = 4*j - 7*j. Calculate the remainder when (j/6)/(1/3) is divided by 3/5*(8 - 3).
2
Let w(l) be the third derivative of l**6/120 - l**5/20 - l**4/8 + l**3/6 + 6*l**2. Calculate the remainder when 17 is divided by w(4).
2
Let s(z) = z**2 + z - 17. What is the remainder when 49 is divided by s(-6)?
10
Suppose 0 = 5*u - 4*u. Suppose 5*y + 4*m - 241 = u, 2*y + 0*m - m = 99. Calculate the remainder when y is divided by 13.
10
Let a = -40 + 60. Suppose -m - 4*m + a = 0. Suppose -m*r + 3*v = -9*r + 71, v = -r + 13. What is the remainder when r is divided by 6?
4
Let r be 635/5 - (-1)/(-1). Let w = r - 77. Calculate the remainder when w is divided by ((-308)/(-12) - (-6)/(-9))/1.
24
Suppose 5*u - 4 - 26 = 0. Let a = -16 + 20. What is the remainder when u is divided by a?
2
Let n = 1 - 2. Let v = -29 - -41. What is the remainder when v is divided by (-3 - n)*7/(-2)?
5
Let z(a) = -a**2 - 11*a + 22. Calculate the remainder when 26 is divided by z(-12).
6
Let i be 9 - (3 + -5 + 0). Suppose 2*l = -4*z + 7 + 3, l + i = 2*z. Calculate the remainder when 23 is divided by (z/(-5))/((-1)/15).
11
Suppose -5*p + 3*b = -251, -3*p - 2*b + 63 + 80 = 0. Calculate the remainder when 144 is divided by p.
46
Let b = 154 + -71. What is the remainder when b is divided by 22?
17
Let b(w) = -w**2 + 3*w + 3. Let h be b(3). Suppose h*v = 4*j + 74, -41 - 38 = -3*v + 5*j. Calculate the remainder when 53 is divided by v.
17
Suppose 114 = 3*n - 75. Calculate the remainder when n is divided by 13.
11
Let y(o) = o - 3. Let n be y(5). Suppose 0*u + n*u - 23 = -3*f, 48 = 2*u - 2*f. Calculate the remainder when u is divided by (3 - -9) + (0 - 1).
8
Let a(m) = -m**3 - m + 7. What is the remainder when 27 is divided by a(0)?
6
Let d(w) = -w**3 - 2*w**2 - w + 6. Calculate the remainder when 52 is divided by d(-3).
16
Suppose 0 = 3*o + 33 - 120. What is the remainder when o is divided by 8?
5
Let a = 76 + -71. Calculate the remainder when 5 is divided by a.
0
Suppose b + 180 = v, -2*v + 437 = b + 89. Suppose -4*l = -4*f + l + v, 4*f = -l + 200. Suppose 2*y + 9 - 43 = 0. Calculate the remainder when f is divided by y.
15
Let m = -4 - -4. Suppose 21 = 3*n - 3*c, 5*n + m*c - 3*c - 25 = 0. What is the remainder when n is divided by 1?
0
Let p = -6 - -11. Suppose -25 = -p*u + s, 0 = -u - 3*u - 5*s + 49. Let h = 4 + u. Calculate the remainder when 18 is divided by h.
8
Let g(v) = v + 2. Suppose -2*p + p = 3*s - 8, 5*s = p - 24. Calculate the remainder when p is divided by g(2).
2
Let r = -3 + 1. Let v be r/20*-4*5. Suppose 0 = 4*f - v*f - 52. What is the remainder when f is divided by 14?
12
What is the remainder when 72 is divided by ((-174)/(-3))/(-6 - -8)?
14
Let l be (1/1)/(8/16). Calculate the remainder when 15 is divided by -6*l*2/(-6).
3
Let l = 108 - 57. Calculate the remainder when l is divided by 26.
25
Let m(o) = -15*o - 21. What is the remainder when m(-6) is divided by 15?
9
Let v = 380 + -244. Let h = 192 - v. What is the remainder when h is divided by 19?
18
Let s = -204 - -307. What is the remainder when s is divided by 26?
25
Let v = -7 - -12. Suppose -2*p + 6*q - 2*q = -4, 0 = -3*p + v*q + 11. Calculate the remainder when 17*-1*(1 - 3) is divided by p.
10
Let h(a) = 2*a + 10. Let r be h(0). Suppose 2*l = -r, 24 = 3*q - 4*l - 38. What is the remainder when 68 is divided by q?
12
Let j = 3 - 8. Let u(b) = -2*b. Calculate the remainder when u(j) is divided by 4.
2
Suppose 4*w - 99 = -3*l, 4*l = -l + 4*w + 165. Let c = l + 4. Calculate the remainder when c is divided by 13.
11
Let j(n) = 6*n + 12. Calculate the remainder when j(9) is divided by (-90)/(-4) - ((-66)/(-12))/(-11).
20
Let j be 6/(1 - 2/(-4)). Suppose -2*f + 124 = 4*m, 2*f - j = f. Let p = -12 + m. What is the remainder when p is divided by 9?
8
Suppose -45 = 2*p - 107. Let j(b) = 5*b - 10. Let h be j(8). Calculate the remainder when p is divided by (8 - h)*(-1)/2.
9
Suppose -10 = -5*w + 5. What is the remainder when 29 is divided by ((-24)/3)/((-3)/w)?
5
Let w = 2 - -1. Suppose 2*q - 1 = 2*r + 9, -5*q + 22 = -2*r. What is the remainder when 5/((w/2)/3) is divided by q?
2
Suppose w - 12 = -k, -5*k + 90 = -w - 0*w. Calculate the remainder when 44 is divided by k.
10
Let w = 4 - -2. Suppose -4*h = -10*z + 5*z + 2, 0 = -3*z - 5*h - 21. Let i = 18 + z. Calculate the remainder when i is divided by w.
4
Let r be (2 - 2)/((-1)/1). Let l be 1*(-12)/(-3) + r. Suppose 3 + 9 = l*j. What is the remainder when 7 is divided by j?
1
Suppose -3*b + 23 = 5*o - 4, -b - o = -7. Let i = 24 + -17. Suppose 0 - i = -a. What is the remainder when a is divided by b?
3
Let f(l) = l**2 - 2*l - 1. What is the remainder when f(-5) is divided by 11?
1
Suppose -22 = 4*i - 58. Let q = i - 8. Calculate the remainder when 2 is divided by q.
0
Let c = -3 + 6. Let i = -1 + c. Suppose -5*u = 4*a - 97, -3*u + 94 = i*u + 3*a. What is the remainder when u is divided by 6?
5
Suppose 0 = 5*y + f - 12, f - 10 = -6*y + 2*y. Suppose 5*m - 250 = 5*d, y*m + 5*d = -2*m + 200. What is the remainder when m is divided by 17?
16
Let i(r) = -r - 5. Let o be i(-5). Calculate the remainder when (-6)/(-1 - o/4) is divided by 3.
0
Let j(i) = i**2 + 2*i. Suppose -4*p + 112 = 4*p. Calculate the remainder when p is divided by j(-4).
6
What is the remainder when -1*9*(-3)/36*184 is divided by 28?
26
Let b be (0 + -4)*(-15)/4. Let t(w) = 6*w + 3. Let o be t(5). Let s = o - b. Calculate the remainder when s is divided by 10.
8
Let t = -97 + 138. Suppose 5*c = 6*c - 21. What is the remainder when t is divided by c?
20
Suppose 2*b + 54 = 4*b. Calculate the remainder when 51 is divided by b.
24
Let d(f) be the second derivative of f**3/6 + f. Let j be d(5). Suppose 85 = j*l + 25. Calculate the remainder when 34 is divided by l.
10
Let r = -45 - -76. Calculate the remainder when r is divided by 11.
9
Suppose -5*c = -60 - 0. Suppose 0 = -u - 4*d + c, -5*d + 30 - 4 = 4*u. Calculate the remainder when u is divided by 3.
1
Let r(g) = 12*g - 1. Let n(p) = 6*p - 1. Let t(u) = 11*n(u) - 6*r(u). Let b(w) = 12*w - 5. What is the remainder when b(5) is divided by t(-4)?
17
Suppose o = -5*b + 29 + 13, 4*b = o - 15. Suppose -5*u + 91 = 21. Calculate the remainder when o is divided by u.
13
Let d(h) = 15*h + 29. What is the remainder when d(4) is divided by 23?
20
Suppose -53*z = -48*z - 60. Calculate the remainder when 23 is divided by z.
11
Let n(h) = 7*h**2 + h + 7. What is the remainder when n(-3) is divided by 14?
11
Let h(t) = -t**3 + 14*t**2 + 32*t + 20. What is the remainder when h(16) is divided by -11*-1*(-2 - -3)?
9
Let c(o) = o**3 - 2*o**2 - 4*o + 5. Let l be c(5). Suppose -3*r - 34 = -z, 2*r = 2*z - 0*z - l. Calculate the remainder when z is divided by 15.
13
Calculate the remainder when 83 is divided by 13 + (-49)/(-7) + 2/2.
20
Let p(o) = -2*o**3 + o. Let z be p(-2). Suppose -6*x = -2*x + 28. Let a = z + x. Calculate the remainder when 20 is divided by a.
6
Let s = -5 - -19. Suppose l - 43 = 3*m, 2*l - 9*m = -6*m + 83. Calculate the remainder when l is divided by s.
12
Suppose -3*q + 77 = -2*t, 4*q - 3*t - 67 = 35. What is the remainder when q is divided by 6?
3
Le